3
Calculate (0 - -2) + (40 - 30 - 27).
-15
-2 + 1 + 16 + -19 + -5
-9
Calculate -3 + (-17 - (-11 + (7 - 6))).
-10
What is 10 - (-13 - (0 - 19))?
4
Calculate 6 + (-2 + -2 - (-97 + 110)).
-11
Evaluate (15 - 32) + (1 - -12).
-4
Evaluate -8 + (12 - (3 - 4)).
5
Calculate 18 + (-23 - -27) - (1 - 0).
21
6 - (36 + -26 - (0 - -12))
8
Evaluate (-2 + 7 - -19) + -20.
4
What is -12 + 9 - (5 + -16 + 4 - -3)?
1
What is the value of -8 + 35 - (4 + 2 - 3)?
24
-10 + (6 - -5) - 14
-13
(-3 + -2 - (-3 - -8 - -11)) + 2
-19
Calculate (-2 - -58) + (229 - 247).
38
What is 0 + 5 - (-30 + 18 - -6)?
11
Calculate -5 - (-3 - 0 - ((17 - 6) + -7)).
2
What is 2 + (6 - ((-2 - -4) + 10) - -5)?
1
What is -8 - (-7 + (-4 - (5 - 19) - 6))?
-5
What is 9 - 0 - ((-5 - 0) + (-22 - -34))?
2
-35 - -23 - (23 - (-5 - (7 + -9)))
-38
What is 5 - (-12 - (-18 - -27))?
26
Evaluate -17 - (6 + -10 + -6).
-7
20 + -13 - 5 - 1
1
(0 - 2 - (61 - 54)) + -1 - -8
-2
Evaluate -5 + (16 - 3) + (1 - (2 - 7)).
14
What is 11 + -4 + -4 + 17 - (8 + 0)?
12
Calculate -17 + 25 + -7 + 3.
4
-25 - (0 - 8) - (16 + -2)
-31
Calculate 3 + (2 - (6 + -6 - -4)) + 10.
11
Evaluate -2 + (6 + -21 + -20 - (-11 - -2)).
-28
Calculate -278 - -288 - (-1 + 2 - 15).
24
-3 - (14 + -7) - (-4 - 7)
1
(2 - 0) + 4 + 0 - (-33 + 29)
10
What is -46 + 49 + -1 - (-1 + -2)?
5
What is the value of 35 - ((1 - 0 - 4) + 110 + -109)?
37
Calculate 5 + (-6 - -4) + -8 + (9 - 2).
2
Evaluate (-7 + (-5 - -4) - -1) + (11 - -11).
15
Evaluate 192 - 199 - (1 - 11).
3
(22 + 27 - 49) + (-5 - -1)
-4
Calculate 6 + -18 + 1 + 2 - -1.
-8
What is the value of 8 + 5 + 8 + -32?
-11
Calculate (16 - 5) + 4 - (9 + -3).
9
Calculate -17 + 13 + 12 + 2.
10
What is the value of -21 + (2 + (-8 - -6) + 6 - -1)?
-14
Calculate 2 + 2 + 1 + (-11 + 4 - -7).
5
-6 + (2 - (-2 + (4 - 1) + -12))
7
Calculate (16 - (-8 + -9 + (35 - 10))) + -6.
2
Evaluate 4 + -2 + 7 + -11.
-2
What is the value of (1 - (-9 + (2 - -9))) + -6 + 9?
2
Evaluate -1 - -1 - 35 - (5096 - 5097).
-34
What is the value of (-3 - (18 + -14)) + 22?
15
What is the value of -38 + (-43 - -82) + 14?
15
Evaluate (-8 - ((-12 - -3) + 0 + 10)) + 0.
-9
What is (-1 - 9 - (-6 - 3)) + -1?
-2
Evaluate -5 + (2 - 24) + 49.
22
Evaluate 5 + -4 - (2 - (2 + 5) - -5).
1
Evaluate 6 - (-7 + 13 + 2 + -6) - -1.
5
What is (3 - -7) + (-8 - (0 - -3 - 8))?
7
Evaluate -12 - (-9 + (37 - 31)).
-9
What is the value of 87 - 77 - (0 + 22)?
-12
Calculate -8 - 3 - (-15 + -14 + -6).
24
What is the value of 14 + (4 - 3) - (-13 - -21)?
7
What is (-24 - -8) + (54 - (-21 + 21))?
38
What is the value of (15 + 1 - (-5 + 11 + 4)) + -3?
3
What is the value of (150 - 153 - (2 + 0 + -3)) + 13?
11
Evaluate 4 + -10 + 23 + -6.
11
-8 + (18 - (16 - (8 - 4) - 11))
9
What is the value of 27 + -5 + -77 + 72?
17
What is 3 + (-9 - (-21 - -10) - 10)?
-5
What is the value of (-708 - -709) + 2 + 0?
3
Evaluate 1 + -6 + (-7 - (7 + -11 - -10)).
-18
37 - (69 - 25) - (3 + -13)
3
Evaluate 42 - (34 - 23 - -10).
21
Evaluate (-4 - (-12 + 7 - -11)) + 27.
17
-3 + 0 + 0 + 5 + 3
5
(8 - (-5 - (-20 - -4))) + -7
-10
(1 - (-4 - 2) - -2) + (8 - 5)
12
What is the value of (0 - -6) + (12 - 16)?
2
What is 8 - ((-5 - (-6 + -5 - -3)) + 24)?
-19
What is 5 + 3 + 2 + -10?
0
Evaluate -27 + (-30 - -41) + -1 + -7.
-24
What is the value of 17 + -12 + (-9 + 3 - 0 - -12)?
11
What is the value of 22 - (1 - 26) - 25?
22
What is (-42 - -10 - -7) + 20?
-5
What is the value of -8 + (14 - 2 - (-18 + 28))?
-6
-9 + (7 - 11 - -9)
-4
What is -50 + 38 + 41 + 2 + -8?
23
Calculate -11 + (18 - 37) + 13 + -1.
-18
(57 - 58) + 4 + -11
-8
What is the value of -5 + 7 + 12 + -26 + 10 + -10?
-12
9 + -1 + (-4 - -13) - 17
0
Evaluate -13 - ((-17 - -4) + (29 - 1)).
-28
Calculate (-11 - (-10 + 19)) + (2 - (3 + -2)).
-19
Evaluate 104 + -90 - ((-2 - (-1 - 3)) + -2).
14
Evaluate 1 - (12 + -22 + 9 + 7).
-5
Evaluate -4 + 7 - (2 - -1) - (-13 - -10).
3
What is the value of 2 - (-13 - -2) - 5?
8
-18 + -4 - -17 - (1 + -2 + 1)
-5
(36 - (6 - -28)) + -1
1
(-6 - 8 - -3) + (73 - 67)
-5
What is (-499 - -490) + (3 - 29)?
-35
What is the value of (6 - 50) + (13 - 4) + 4?
-31
What is 309 + -332 - (-35 - -2)?
10
Evaluate 2 + (14 - 5) - (29 - 12).
-6
0 - (-13 + 29 + -30 + 2 + -4)
16
Evaluate 0 + 8 + (-6 - (-6 + 1)) - 18.
-11
Evaluate 11 + (-3 + -6 - (14 - 20)).
8
3 + (3 + -14 - ((-4 - -10) + -2))
-12
(-15 - (-1 - 7)) + (4 - 5) - 6
-14
Calculate -16 - -33 - (49 + -18).
-14
What is the value of 22 - (14 + -26 + (10 - -1))?
23
Calculate 19 - (27 - 0) - 3.
-11
Calculate (3 - (15 + 19)) + 38.
7
What is 2 + -9 + (4 - 17 - -21)?
1
Calculate -22 + 30 + -5 - (1 + 3 + 2).
-3
7 + (-17 + 1 - -20)
11
What is the value of -5 - (-19 + 22 + -9)?
1
2 + 13 + -703 + 667
-21
What is the value of -7 + 7 + 2 + -14 + -3?
-15
Calculate -7 + (1 + -6 + 19 - 7) + 14.
14
What is the value of 15 + -3 + 303 + -319?
-4
Calculate -1 + -13 + 6 + (11 - 4) - -9.
8
What is -9 - (-31 + 13 + 8) - 0?
1
Calculate (-14 + -10 - -7) + 14.
-3
Evaluate -1 + 7 + (-19 - -7) + (10 - -4).
8
What is the value of -26 + 8 + -12 + 12?
-18
Calculate -39 - (13 - (19 + 2)) - -11.
-20
What is the value of -16 - (0 + -2 + -1 - 5)?
-8
Evaluate (2 - 15) + (-1 - (14 - (8 + 11))).
-9
Calculate 15 + -3 - (76 - 86).
22
What is -13 + 45 + -10 - 13?
9
-36 - (-3 + 3 - 4) - (23 - 29)
-26
What is -15 + -35 + (43 - -1)?
-6
What is (-16 - 24) + 30 - -20?
10
15 - (18 + 1 - (-50 + 60))
6
What is -6 + (-7 - (-13 - -2)) + -14?
-16
Evaluate -14 + -13 + 4 + 2.
-21
Calculate -11 + 13 + (-2 - -3 - 6).
-3
What is (-5 - ((1 - 1) + -42 + 47)) + 6?
-4
What is the value of -3 + (4 + 5 + -3 - (9 + -12))?
6
Calculate -10 - (5 - 2 - (52 - 47)).
-8
Calculate -29 + 20 + -18 + 10.
-17
-25 - (-21 - 22) - 17
1
What is the value of 55 + -9 + -23 - 17?
6
Evaluate (-13 - -18 - 6) + -5 + (0 - -1).
-5
Evaluate (22 - -3) + -14 + (24 - 9).
26
What is -3 + (25 - 4) - (3 + 3)?
12
What is the value of 6 - 2 - (-26 - -47)?
-17
Evaluate (-2 - -2) + 3 + -6 + (-1 - -10).
6
Evaluate 186 + -183 - (-1 + 3 - 8).
9
What is (-27 - 2) + 4 + -7 + 16?
-16
What is -34 - (16 - 93) - 13?
30
Calculate -1 + 19 + -30 - 7.
-19
What is the value of (-32 - -65) + -40 - -27?
20
Evaluate 13 - -1 - (1 - (-31 + 23 - -18)).
23
Calculate 13 + (10 + -9 - 9).
5
28 - 27 - 16 - -16
1
What is the value of 12 + -1 - (5 + (-4 - 25) + 4)?
31
What is the value of -13 - (19 - 56) - 48?
-24
What is 68 + -40 - (16 - -1)?
11
Evaluate 28 + -46 + 26 + (-1 - 16).
-9
What is (-32 - -15) + 18 + 7?
8
23 + -1 + -9 + 0 + 2 + -11
4
What is (-26 - -38) + -9 - (1 - -10)?
-8
Calculate -41 + 25 + -3 + 33.
14
What is 21 + -4 - (5 + -1)?
13
Evaluate 7 + (7 + -1 - 13) + (2 - -13).
15
What is the value of 19 + 5 + -6 + 0 - 0 - -1?
19
What is 1 + -2 + 0 - -11 - (-768 - -773)?
5
Evaluate -1 - 16 - (-1 + 1) - 1.
-18
Calculate -850 + 844 - ((1 - -1) + 0 + -4).
-4
Calculate 24 - ((5 - 30) + 29).
20
Evaluate -4 - -19 - 5 - (0 + 7) - 17.
-14
0 + 16 - 7 - (1 - 4)
12
What is the value of -9 - -10 - -6 - -6 - 10?
3
34 + (-1 - (10 - (-8 + 6)))
21
(33 - 24) + (-14 - -3)
-2
-7 + 8 - -2 - (1 - 2) - 4
0
What is (42 - (-15 + 59)) + -1 + 9 + -1?
5
What is -10 - ((-13 - -13 - 11) + 12)?
-11
Evaluate -8 - -1 - (5 - (18 + -10 + 11)).
7
What is the value of 0 - -2 - 3 - (-184 - -186)?
-3
What is 24 - (23 + (-2 - -7))?
-4
What is 0 + 22 - (-124 + 134)?
12
What is (-2 - -1) + (-4 - ((7 - -1) + -13))?
0
What is the value of 16 + -12 + 1 - 15?
-10
What is -100 + 95 + -35 - (-9 + -1)?
-30
Calculate 16 + (9 - (67 + 12 + -17)).
-37
What is the value of (2 - -2 - (-13 - (13 + -22))) + 2?
10
Calculate -2735 - -2721 - (-26 - (0 + 1)).
13
What is the value of -7 - (-7 + 4 - -6)?
-10
Calculate -21 - 3 - (11 - 24).
-11
Evaluate 33 + -117 + 124 + (-20 - 0).
20
-4 - ((-6 - 1) + 2 + 4) - 3
-6
What is (-14 - -2) + (5 - 11) + -3?
-21
200 + -220 + (-1 - -12)
-9
What is -8 - (-10 + 4) - -1 - 18 - -1?
-18
Calculate -13 - -1 - (59 - 57).
-14
What is -13 - ((1 - (-2 + 14)) + -3)?
1
What is the value of 1 + -1 + 2 + (-23 - -18 - 15)?
-18
-24 + -2 + (82 - 64) + 14
6
Evaluate -447 - -438 - ((-3 - -2) + -1 - 19).
12
Evaluate -10 + 38 + (8 - (8 - (-5 + 4))).
27
Calculate 6 - -13 - (-5 - (0 - 6)).
18
Evaluate (22 - 16) + 4 + 13 + -7.
16
What is 11 + -2 + -12 + 13 + -2 + 25?
33
What is 2 + -8 + (-17 - -9)?
-14
-70 + 69 - ((-1 - (0 - -2)) + -4)
6
What is 3 + (-2 - (